 (base 12) to base 6.
203105
-4430 (base 5) to base 13
-384
What is 1021013 (base 5) in base 15?
508d
What is -564 (base 9) in base 4?
-13033
-1405 (base 8) to base 15
-368
Convert -ab9 (base 12) to base 10.
-1581
What is -2481b (base 13) in base 7?
-400112
28822 (base 9) to base 14
7218
What is 120002022 (base 3) in base 2?
10101011110101
Convert -3404 (base 8) to base 11.
-1393
Convert -381 (base 9) to base 3.
-102201
-b40 (base 13) to base 10
-1911
1332110 (base 4) to base 5
224314
6075 (base 14) to base 10
16567
-2794 (base 11) to base 2
-111000011100
What is -231 (base 11) in base 16?
-114
101101010011 (base 2) to base 11
21a6
Convert 4b6 (base 16) to base 11.
9a7
347 (base 12) to base 13
2b6
-64 (base 9) to base 6
-134
-321122 (base 4) to base 2
-111001011010
What is -101010000101 (base 2) in base 8?
-5205
Convert 134242 (base 5) to base 10.
5572
580 (base 11) to base 3
221200
Convert -1268 (base 13) to base 5.
-40441
-17e (base 15) to base 12
-248
-3302 (base 9) to base 15
-ac2
What is 270 (base 15) in base 14?
2b9
-1c0a7 (base 14) to base 9
-118054
What is -356 (base 15) in base 6?
-3300
-1a55 (base 11) to base 14
-d3b
-3b050 (base 12) to base 8
-236574
Convert -163 (base 8) to base 5.
-430
-50831 (base 10) to base 12
-254bb
Convert 465 (base 8) to base 11.
261
Convert 4004 (base 10) to base 7.
14450
Convert 117363 (base 8) to base 14.
10b87
What is 13012 (base 9) in base 11?
6643
20 (base 16) to base 7
44
6ce (base 15) to base 9
2105
Convert 8341 (base 9) to base 5.
143422
Convert -3646 (base 7) to base 6.
-10141
Convert c11 (base 15) to base 11.
204a
What is 10001000111 (base 2) in base 7?
3123
What is -3645 (base 8) in base 7?
-5464
What is -4525 (base 6) in base 3?
-1110022
Convert -18 (base 14) to base 4.
-112
-324 (base 16) to base 2
-1100100100
What is -20535 (base 8) in base 15?
-27e6
What is -183a (base 13) in base 16?
-e0e
-31323 (base 5) to base 8
-4050
What is 856 (base 9) in base 11?
586
-111001010 (base 2) to base 10
-458
What is 4316 (base 10) in base 12?
25b8
6797 (base 11) to base 6
105215
-122111002 (base 3) to base 16
-31ca
Convert 202102022 (base 3) to base 4.
3220211
What is 58 (base 14) in base 9?
86
What is -1b6 (base 16) in base 10?
-438
What is -33b0 (base 14) in base 6?
-105314
-ed2 (base 16) to base 5
-110134
Convert 7666 (base 8) to base 7.
14504
What is 21785 (base 10) in base 15?
66c5
Convert -5d2 (base 15) to base 6.
-10042
What is -55918 (base 10) in base 4?
-31221232
10100101 (base 2) to base 12
119
Convert -34338 (base 11) to base 13.
-197a4
What is -2eb8 (base 16) in base 9?
-17358
What is 231c (base 14) in base 16?
17d6
What is 1000 (base 10) in base 14?
516
1b53 (base 14) to base 2
1001101101101
-621 (base 15) to base 10
-1381
Convert 2100202220 (base 3) to base 8.
132633
What is -11212200 (base 3) in base 7?
-13236
What is 1a05 (base 12) in base 6?
22405
What is -10664 (base 7) in base 14?
-ddb
What is -5191 (base 10) in base 8?
-12107
What is 2020121 (base 3) in base 14?
84c
-7be8 (base 16) to base 5
-2003340
Convert 11c8 (base 13) to base 14.
cca
What is -3518 (base 10) in base 16?
-dbe
Convert 555 (base 15) to base 7.
3341
What is -107147 (base 8) in base 12?
-1911b
Convert -434 (base 9) to base 13.
-214
Convert 1271 (base 10) to base 2.
10011110111
What is 304 (base 6) in base 2?
1110000
7215 (base 8) to base 7
13601
Convert 64618 (base 10) to base 13.
23548
Convert -514 (base 9) to base 7.
-1135
Convert 20001212 (base 3) to base 16.
1148
-10110100001 (base 2) to base 7
-4126
-29 (base 11) to base 8
-37
Convert 101001100100000 (base 2) to base 7.
116020
2a7 (base 11) to base 6
1355
What is 11111000101 (base 2) in base 6?
13113
What is 1356 (base 14) in base 3?
11200020
-10000000100010 (base 2) to base 13
-398a
Convert -2c4 (base 15) to base 12.
-44a
What is -211 (base 6) in base 4?
-1033
110000110010111 (base 2) to base 7
132560
114 (base 16) to base 13
183
What is 702 (base 9) in base 14?
2c9
Convert 60 (base 8) to base 16.
30
What is -375 (base 9) in base 15?
-15b
-200102 (base 3) to base 2
-111110001
What is -56a (base 13) in base 8?
-1645
-1098 (base 16) to base 14
-1796
What is 4454 (base 8) in base 3?
10012222
16427 (base 9) to base 7
44620
What is -7c5 (base 13) in base 4?
-111000
b9 (base 13) to base 3
12122
Convert -44 (base 13) to base 10.
-56
-2012333 (base 4) to base 3
-102211222
What is -101110000 (base 2) in base 5?
-2433
Convert 211001012 (base 3) to base 6.
202222
What is 2140204 (base 5) in base 11?
25822
4640 (base 11) to base 6
44114
Convert -1111110010 (base 2) to base 11.
-839
969 (base 11) to base 15
529
Convert 2211110 (base 3) to base 15.
929
What is -100 (base 13) in base 8?
-251
-a5c (base 15) to base 4
-210201
Convert -11000210 (base 3) to base 12.
-1849
-1b1 (base 12) to base 10
-277
What is 42 (base 15) in base 13?
4a
What is -2008 (base 10) in base 8?
-3730
What is -1562 (base 16) in base 7?
-21650
Convert -22b09 (base 12) to base 9.
-70730
Convert -2022101 (base 3) to base 10.
-1684
-20332 (base 5) to base 12
-93a
-705 (base 9) to base 16
-23c
-31411 (base 8) to base 13
-5c40
5015 (base 7) to base 12
bbb
Convert 27290 (base 12) to base 14.
15948
What is 233 (base 7) in base 3?
11112
Convert 6027 (base 8) to base 9.
4218
240540 (base 6) to base 4
11013030
What is -4b7 (base 14) in base 16?
-3b1
2647 (base 9) to base 11
1547
What is -3233 (base 14) in base 16?
-21dd
1464 (base 15) to base 7
15511
What is 176 (base 16) in base 14?
1ca
Convert -313 (base 16) to base 4.
-30103
What is -a604 (base 15) in base 16?
-8920
-32411 (base 6) to base 2
-1000101110111
What is -407 (base 9) in base 6?
-1311
65b3 (base 13) to base 3
201102221
2223 (base 8) to base 11
975
What is -9a36 (base 15) in base 6?
-411140
-123c (base 13) to base 5
-40321
20605 (base 7) to base 3
20222221
955 (base 10) to base 14
4c3
Convert -22a (base 16) to base 14.
-2b8
Convert 414 (base 9) to base 13.
1cc
Convert 11500 (base 6) to base 10.
1692
What is -411 (base 11) in base 12?
-354
-324322 (base 5) to base 10
-11212
Convert -125 (base 12) to base 8.
-255
12113 (base 5) to base 15
408
What is 1101011000 (base 2) in base 4?
31120
-778 (base 13) to base 10
-1282
Convert -85a (base 11) to base 9.
-1367
Convert 291 (base 10) to base 14.
16b
What is 388a (base 16) in base 9?
21762
What is -1144 (base 7) in base 14?
-224
Convert -1332320 (base 5) to base 15.
-80e0
What is -2a2aa (base 11) in base 10?
-42954
What is -74 (base 8) in base 11?
-55
What is -236232 (base 7) in base 8?
-123764
Convert -3444 (base 5) to base 11.
-414
Convert -375 (base 8) to base 16.
-fd
What is 269 (base 11) in base 4?
10331
-27000 (base 11) to base 10
-38599
-3891 (base 10) to base 13
-1a04
-5ac (base 15) to base 6
-5543
Convert 322232 (base 7) to base 3.
2211212012
Convert 44714 (base 8) to base 14.
6c56
Convert -1709 (base 10) to base 9.
-2308
-43141 (base 6) to base 13
-28b4
Convert 7157 (base 10) to base 11.
5417
3002103 (base 4) to base 9
18046
What is b11 (base 15) in base 2?
100110111011
What is -1635 (base 8) in base 4?
-32131
Convert 2510 (base 6) to base 2.
1001101010
What is 2a32b (base 12) in base 8?
163523
What is -27 (base 14) in base 4?
-203
Convert -16 (base 16) to base 3.
-211
What is -5822 (base 15) in base 13?
-8690
What is 113122 (base 6) in base 12?
57a2
What is 1268 (base 9) in base 16?
3b9
Convert -2133030 (base 4) to base 3.
-111222100
4124 (base 16) to base 12
9798
What is 232 (base 15) in base 8?
761
Convert 13300 (base 6) to base 14.
a68
Convert -11043 (base 9) to base 8.
-16241
-13423 (base 10) to base 11
-a0a3
What is 3506 (base 12) in base 3?
22002220
What is 1021200210 (base 3) in base 4?
12023031
What is 44454 (base 6) in base 3?
22112121
What is 1312112 (base 5) in base 3?
1022112112
Convert 4578 (base 15) to base 12.
8642
7d8 (base 15) to base 11
1377
Convert -1200 (base 6) to base 5.
-2123
101211210 (base 3) to base 16
1ee1
40240 (base 5) to base 7
10331
41234 (base 6) to base 5
133434
2a4a9 (base 13) to base 11
55043
What is -81d (base 15) in base 11?
-1412
-1100000010001 (base 2) to base 11
-46a1
-13013 (base 4) to base 6
-2035
What is -643a (base 11) in base 13?
-3b4b
-2031 (base 5) to base 7
-530
What is -14c4 (base 13) in base 12?
-1909
-d70 (base 15) to base 14
-1166
1330 (base 7) to b